{"id":76,"date":"2021-04-14T13:41:16","date_gmt":"2021-04-14T10:41:16","guid":{"rendered":"https:\/\/vana.bernal.ee\/?page_id=76"},"modified":"2025-06-11T13:25:23","modified_gmt":"2025-06-11T10:25:23","slug":"kontakt","status":"publish","type":"page","link":"https:\/\/vana.bernal.ee\/?page_id=76","title":{"rendered":"Kontakt"},"content":{"rendered":"\n[et_pb_section fb_built=&#8221;1&#8243; fullwidth=&#8221;on&#8221; _builder_version=&#8221;4.16&#8243; _module_preset=&#8221;default&#8221; global_colors_info=&#8221;{}&#8221;][et_pb_fullwidth_map address=&#8221;Kadaka tee 2, 11625 Tallinn, Estonia&#8221; zoom_level=&#8221;13&#8243; address_lat=&#8221;59.4162504&#8243; address_lng=&#8221;24.6878376&#8243; _builder_version=&#8221;4.27.4&#8243; _module_preset=&#8221;default&#8221; child_filter_saturate=&#8221;50%&#8221; hover_enabled=&#8221;0&#8243; global_colors_info=&#8221;{}&#8221; sticky_enabled=&#8221;0&#8243;][et_pb_map_pin title=&#8221;BERNAL EESTI&#8221; pin_address=&#8221;Artelli 17, Kristiine, 10621 Harju maakond, Estonia&#8221; zoom_level=&#8221;17&#8243; pin_address_lat=&#8221;59.417118338472&#8243; pin_address_lng=&#8221;24.686839818246&#8243; _builder_version=&#8221;4.27.4&#8243; _module_preset=&#8221;default&#8221; global_colors_info=&#8221;{}&#8221; hover_enabled=&#8221;0&#8243; sticky_enabled=&#8221;0&#8243;]<p>Kadaka tee 2\u00a0 10621\u00a0 Tallinn<\/p>\n<p>e-mail: bernal@vana.bernal.ee<\/p>[\/et_pb_map_pin][\/et_pb_fullwidth_map][\/et_pb_section]\n","protected":false},"excerpt":{"rendered":"<p>Kadaka tee 2\u00a0 10621\u00a0 Tallinn e-mail: bernal@vana.bernal.ee<\/p>\n","protected":false},"author":2,"featured_media":0,"parent":0,"menu_order":0,"comment_status":"closed","ping_status":"closed","template":"","meta":{"_et_pb_use_builder":"on","_et_pb_old_content":"","_et_gb_content_width":"","footnotes":""},"class_list":["post-76","page","type-page","status-publish","hentry"],"yoast_head":"<!-- This site is optimized with the Yoast SEO plugin v27.2 - https:\/\/yoast.com\/product\/yoast-seo-wordpress\/ -->\n<title>V\u00f5ta \u00dchendust - Kontakt | Bernal Eesti O\u00dc<\/title>\n<meta name=\"description\" content=\"V\u00f5ta meiega \u00fchendust hinnap\u00e4ringuks v\u00f5i konsultatsiooniks. Bernal Eesti O\u00dc kontaktandmed, asukoht ja tagasisidevorm \u2013 vastame kiiresti ja asjatundlikult.\" \/>\n<meta name=\"robots\" content=\"noindex, follow, max-snippet:-1, max-image-preview:large, max-video-preview:-1\" \/>\n<meta property=\"og:locale\" content=\"en_US\" \/>\n<meta property=\"og:type\" content=\"article\" \/>\n<meta property=\"og:title\" content=\"V\u00f5ta \u00dchendust - Kontakt | Bernal Eesti O\u00dc\" \/>\n<meta property=\"og:description\" content=\"V\u00f5ta meiega \u00fchendust hinnap\u00e4ringuks v\u00f5i konsultatsiooniks. Bernal Eesti O\u00dc kontaktandmed, asukoht ja tagasisidevorm \u2013 vastame kiiresti ja asjatundlikult.\" \/>\n<meta property=\"og:url\" content=\"https:\/\/vana.bernal.ee\/?page_id=76\" \/>\n<meta property=\"og:site_name\" content=\"BERNAL EESTI\" \/>\n<meta property=\"article:modified_time\" content=\"2025-06-11T10:25:23+00:00\" \/>\n<meta name=\"twitter:card\" content=\"summary_large_image\" \/>\n<meta name=\"twitter:label1\" content=\"Est. reading time\" \/>\n\t<meta name=\"twitter:data1\" content=\"1 minute\" \/>\n<script type=\"application\/ld+json\" class=\"yoast-schema-graph\">{\"@context\":\"https:\/\/schema.org\",\"@graph\":[{\"@type\":\"WebPage\",\"@id\":\"https:\/\/vana.bernal.ee\/?page_id=76\",\"url\":\"https:\/\/vana.bernal.ee\/?page_id=76\",\"name\":\"V\u00f5ta \u00dchendust - Kontakt | Bernal Eesti O\u00dc\",\"isPartOf\":{\"@id\":\"https:\/\/vana.bernal.ee\/#website\"},\"datePublished\":\"2021-04-14T10:41:16+00:00\",\"dateModified\":\"2025-06-11T10:25:23+00:00\",\"description\":\"V\u00f5ta meiega \u00fchendust hinnap\u00e4ringuks v\u00f5i konsultatsiooniks. Bernal Eesti O\u00dc kontaktandmed, asukoht ja tagasisidevorm \u2013 vastame kiiresti ja asjatundlikult.\",\"breadcrumb\":{\"@id\":\"https:\/\/vana.bernal.ee\/?page_id=76#breadcrumb\"},\"inLanguage\":\"en\",\"potentialAction\":[{\"@type\":\"ReadAction\",\"target\":[\"https:\/\/vana.bernal.ee\/?page_id=76\"]}]},{\"@type\":\"BreadcrumbList\",\"@id\":\"https:\/\/vana.bernal.ee\/?page_id=76#breadcrumb\",\"itemListElement\":[{\"@type\":\"ListItem\",\"position\":1,\"name\":\"Home\",\"item\":\"https:\/\/vana.bernal.ee\/\"},{\"@type\":\"ListItem\",\"position\":2,\"name\":\"Kontakt\"}]},{\"@type\":\"WebSite\",\"@id\":\"https:\/\/vana.bernal.ee\/#website\",\"url\":\"https:\/\/vana.bernal.ee\/\",\"name\":\"BERNAL EESTI\",\"description\":\"Metallit&ouml;&ouml;d\",\"publisher\":{\"@id\":\"https:\/\/vana.bernal.ee\/#organization\"},\"potentialAction\":[{\"@type\":\"SearchAction\",\"target\":{\"@type\":\"EntryPoint\",\"urlTemplate\":\"https:\/\/vana.bernal.ee\/?s={search_term_string}\"},\"query-input\":{\"@type\":\"PropertyValueSpecification\",\"valueRequired\":true,\"valueName\":\"search_term_string\"}}],\"inLanguage\":\"en\"},{\"@type\":\"Organization\",\"@id\":\"https:\/\/vana.bernal.ee\/#organization\",\"name\":\"BERNAL EESTI\",\"url\":\"https:\/\/vana.bernal.ee\/\",\"logo\":{\"@type\":\"ImageObject\",\"inLanguage\":\"en\",\"@id\":\"https:\/\/vana.bernal.ee\/#\/schema\/logo\/image\/\",\"url\":\"https:\/\/vana.bernal.ee\/wp-content\/uploads\/2021\/04\/Bernal_logo_02.png\",\"contentUrl\":\"https:\/\/vana.bernal.ee\/wp-content\/uploads\/2021\/04\/Bernal_logo_02.png\",\"width\":1360,\"height\":400,\"caption\":\"BERNAL EESTI\"},\"image\":{\"@id\":\"https:\/\/vana.bernal.ee\/#\/schema\/logo\/image\/\"}}]}<\/script>\n<!-- \/ Yoast SEO plugin. -->","yoast_head_json":{"title":"V\u00f5ta \u00dchendust - Kontakt | Bernal Eesti O\u00dc","description":"V\u00f5ta meiega \u00fchendust hinnap\u00e4ringuks v\u00f5i konsultatsiooniks. Bernal Eesti O\u00dc kontaktandmed, asukoht ja tagasisidevorm \u2013 vastame kiiresti ja asjatundlikult.","robots":{"index":"noindex","follow":"follow","max-snippet":"max-snippet:-1","max-image-preview":"max-image-preview:large","max-video-preview":"max-video-preview:-1"},"og_locale":"en_US","og_type":"article","og_title":"V\u00f5ta \u00dchendust - Kontakt | Bernal Eesti O\u00dc","og_description":"V\u00f5ta meiega \u00fchendust hinnap\u00e4ringuks v\u00f5i konsultatsiooniks. Bernal Eesti O\u00dc kontaktandmed, asukoht ja tagasisidevorm \u2013 vastame kiiresti ja asjatundlikult.","og_url":"https:\/\/vana.bernal.ee\/?page_id=76","og_site_name":"BERNAL EESTI","article_modified_time":"2025-06-11T10:25:23+00:00","twitter_card":"summary_large_image","twitter_misc":{"Est. reading time":"1 minute"},"schema":{"@context":"https:\/\/schema.org","@graph":[{"@type":"WebPage","@id":"https:\/\/vana.bernal.ee\/?page_id=76","url":"https:\/\/vana.bernal.ee\/?page_id=76","name":"V\u00f5ta \u00dchendust - Kontakt | Bernal Eesti O\u00dc","isPartOf":{"@id":"https:\/\/vana.bernal.ee\/#website"},"datePublished":"2021-04-14T10:41:16+00:00","dateModified":"2025-06-11T10:25:23+00:00","description":"V\u00f5ta meiega \u00fchendust hinnap\u00e4ringuks v\u00f5i konsultatsiooniks. Bernal Eesti O\u00dc kontaktandmed, asukoht ja tagasisidevorm \u2013 vastame kiiresti ja asjatundlikult.","breadcrumb":{"@id":"https:\/\/vana.bernal.ee\/?page_id=76#breadcrumb"},"inLanguage":"en","potentialAction":[{"@type":"ReadAction","target":["https:\/\/vana.bernal.ee\/?page_id=76"]}]},{"@type":"BreadcrumbList","@id":"https:\/\/vana.bernal.ee\/?page_id=76#breadcrumb","itemListElement":[{"@type":"ListItem","position":1,"name":"Home","item":"https:\/\/vana.bernal.ee\/"},{"@type":"ListItem","position":2,"name":"Kontakt"}]},{"@type":"WebSite","@id":"https:\/\/vana.bernal.ee\/#website","url":"https:\/\/vana.bernal.ee\/","name":"BERNAL EESTI","description":"Metallit&ouml;&ouml;d","publisher":{"@id":"https:\/\/vana.bernal.ee\/#organization"},"potentialAction":[{"@type":"SearchAction","target":{"@type":"EntryPoint","urlTemplate":"https:\/\/vana.bernal.ee\/?s={search_term_string}"},"query-input":{"@type":"PropertyValueSpecification","valueRequired":true,"valueName":"search_term_string"}}],"inLanguage":"en"},{"@type":"Organization","@id":"https:\/\/vana.bernal.ee\/#organization","name":"BERNAL EESTI","url":"https:\/\/vana.bernal.ee\/","logo":{"@type":"ImageObject","inLanguage":"en","@id":"https:\/\/vana.bernal.ee\/#\/schema\/logo\/image\/","url":"https:\/\/vana.bernal.ee\/wp-content\/uploads\/2021\/04\/Bernal_logo_02.png","contentUrl":"https:\/\/vana.bernal.ee\/wp-content\/uploads\/2021\/04\/Bernal_logo_02.png","width":1360,"height":400,"caption":"BERNAL EESTI"},"image":{"@id":"https:\/\/vana.bernal.ee\/#\/schema\/logo\/image\/"}}]}},"_links":{"self":[{"href":"https:\/\/vana.bernal.ee\/index.php?rest_route=\/wp\/v2\/pages\/76","targetHints":{"allow":["GET"]}}],"collection":[{"href":"https:\/\/vana.bernal.ee\/index.php?rest_route=\/wp\/v2\/pages"}],"about":[{"href":"https:\/\/vana.bernal.ee\/index.php?rest_route=\/wp\/v2\/types\/page"}],"author":[{"embeddable":true,"href":"https:\/\/vana.bernal.ee\/index.php?rest_route=\/wp\/v2\/users\/2"}],"replies":[{"embeddable":true,"href":"https:\/\/vana.bernal.ee\/index.php?rest_route=%2Fwp%2Fv2%2Fcomments&post=76"}],"version-history":[{"count":11,"href":"https:\/\/vana.bernal.ee\/index.php?rest_route=\/wp\/v2\/pages\/76\/revisions"}],"predecessor-version":[{"id":431,"href":"https:\/\/vana.bernal.ee\/index.php?rest_route=\/wp\/v2\/pages\/76\/revisions\/431"}],"wp:attachment":[{"href":"https:\/\/vana.bernal.ee\/index.php?rest_route=%2Fwp%2Fv2%2Fmedia&parent=76"}],"curies":[{"name":"wp","href":"https:\/\/api.w.org\/{rel}","templated":true}]}}